.
121
What is the value of (-53 - -2) + 0 + (-82 + 37 - -31)?
-65
Calculate (35 + -143 - -98) + 1 + 0 + -9.
-18
Evaluate 8 + -12 + 0 - (0 + (-26 - -9)).
13
16 + -21 - (-11 + (-41 - -19) + 17)
11
What is 2 + -11 + 39 + -44 + 23?
9
Calculate (1 - 7) + -201 + 75 + 106.
-26
What is -31 + (21 - -25) - (-92 + -5 + 2)?
110
Evaluate 238 - 198 - (-12 + 1 + -1) - 10.
42
Evaluate -199 + 123 + 11 + (18 - -5).
-42
What is the value of (4 - 5) + -4 - -5 - (-71 - (3 + -6))?
68
-58 - ((-18 - 0) + -127)
87
Calculate 12 + -41 + -2 + 0 + 4.
-27
Evaluate -12 - (((-6 - -1) + -7 - -24) + 5).
-29
(-18 - -4) + 3 - ((55 - 15) + -92)
41
What is the value of 48 - (40 + -10) - 18?
0
What is the value of 65 + (1 - 1) + (-88 - (23 - 93))?
47
What is 7 + (-1 - 2) + 1 + -2 - (1541 + -1478)?
-60
What is the value of (2 - -35 - 0) + (63319 - 63470)?
-114
Evaluate -4 - -2 - (208 + -167 - 71).
28
Evaluate 3 + 1 - ((-67 - (1 + -14 - -11)) + 16).
53
Calculate 6 - (6 - (-7 - 5)) - (1 + 1).
-14
What is 802 + -727 + -15 + (-10 - -5)?
55
11 + 1 - (1303 - 1291)
0
20 - (-52 + 67) - (29 - (-3 + 1))
-26
Calculate -1 + -91 + 1723 + -1664.
-33
What is -116 + 106 - (-4 + 5 + 1 + -10 + -6)?
4
What is -2285 + 2338 + (-11 - (1 - 0))?
41
Calculate (-10218 - -10178) + (-39 - 1).
-80
1 + 34 + (-134 - (-12 - -9))
-96
Evaluate -2 + 3 - (-21 - -62 - (-8 + (-1 - -10))).
-39
Evaluate 10 + 3 - (-17 - (5 - (16 + (-19 - -10)))).
28
-114 + 20 + 26 - -68
0
Calculate (14 - 82) + 3 + 59 - (117 - (2 - 0)).
-121
(107 - 92) + (115 - 207)
-77
Calculate 34 + 25 + -20 + 6 + (-18 - 3).
24
Calculate 17 - (54 - 6 - (26 + -44)).
-49
What is 4 - (-16 - (13 + (5 - 13)))?
25
What is the value of -7 + (-6 - (-9 + -3 + 19 + -18))?
-2
Evaluate 2 + -63 + -47 + 232.
124
26 - (43 + (16 - -16))
-49
What is 28 + -111 - (-30 + -15)?
-38
Calculate 6 + 36 + -101 - -48.
-11
Evaluate -23 - (-33 - (22 + -64)).
-32
What is the value of 0 - -1 - 3 - (-1 - -27) - (513 - 514)?
-27
Evaluate -41 - -35 - -69 - 127.
-64
What is -13 + (-8 - -15) + (-213 - -275)?
56
What is (29 - 43 - (22 + -1)) + 4?
-31
-1096 + 1122 + 10 + -62
-26
Calculate (34 - (33 + -9)) + 3 + 0 + 97.
110
What is 25 + -27 - (7 + (8 - 14) + -6)?
3
What is -27 - (2 + -24 - (-389 - -385))?
-9
Calculate -403 + -71 + 432 + 9 + (1 - (1 + 0)).
-33
What is the value of -55 + 57 + -5 + (2 - -14) + -6 + 52?
59
Evaluate -3 + (-40 - -44) + (-46 - 9).
-54
-1 - (-29 + -7 + (65 - 45 - (6 + 0)))
21
What is (2 + 5 - -2) + (1 - (4 + -3) - 63)?
-54
Evaluate 32 + -33 + (12 - (-7 + -9 + 16)).
11
Calculate 64 + -45 + -43 + 13.
-11
Calculate -8 + 0 - (-40 + -9 - (22 + -51)).
12
(2 - 51) + 1 + (-7165 - -7180)
-33
((58 - 16) + -14 - 15) + -3
10
4 + 5 + (-145 + 40 - (-1 + 0 + 2))
-97
Evaluate -54 + 28 + (-61 - -127).
40
31 + -9 + -16 + (-3 - -1) + -44
-40
What is -47 + (24 - 39) + 26?
-36
53 + -69 + -50 + 65
-1
-15 + (-6 - -1 - (-332 + 308))
4
What is the value of 9 + -2 + 3 + 21 + -35 + 7 + -52?
-49
-9 + (-19 - -45) + (23 - 64)
-24
Calculate -7 - (-32 - (1 - 15)) - -4.
15
Evaluate 14 + -14 + -54 - -5 - (8 - 0).
-57
Calculate 0 + 1 + (-61 + -17 + 45 - -62).
30
Evaluate ((-11 - -22) + (-31 - -16) - -9) + 7.
12
What is the value of (1 - 1) + -7 - (5 - -1 - 15) - -17?
19
What is the value of -3 + 108 - (230 - 233) - (-1 + 4 + 4)?
101
Evaluate 28 - 20 - (99 + -6) - (-22 - (-16 + 4)).
-75
What is the value of 3 + -11 + (11 - (-5 + (-13 - -18)))?
3
Evaluate -6 - (-3 + 13 + -11 + 61 + 65).
-131
What is the value of (-125 - -192) + 0 + (-1 - 1) + (-261 - -256)?
60
What is the value of 0 - -7 - (-68 + 182 + -119)?
12
What is the value of (2316 - 2369) + (1 - -42)?
-10
What is 45 - 3 - (-225 + 221)?
46
What is -14 - ((-8 - 3) + 15 - (-7 - -84))?
59
Calculate 67 - (-52 - (-109 - -41)).
51
15 + (-5 - 0) - (14 - ((-21 - -2) + 6))
-17
What is the value of -3305 + 3301 + 31 + 1?
28
-47 + (-2 + 12 - -2 - (-2146 - -2171))
-60
Calculate 62 + -5 + 101 + -40.
118
72 + (-21 + 23 - (17 + -15 - (-1 + -1)))
70
Calculate 15 - (185 + 1 + (104 - 139)).
-136
What is -10 - (-20 + 98 + 56)?
-144
Calculate (0 - 1 - 1) + -113 + (69 - -4).
-42
Calculate (-28 - 55) + 12 + 27.
-44
What is -28 + (-1 - -82 - 49)?
4
What is the value of -49 + 69 + (48 - -33)?
101
Calculate 16 + (17 - (9 + 67)) - (13 - 3).
-53
Calculate (0 + -24 + -5 - -3) + 0 + (6 - 0).
-20
-120 + -8 + 17 + -3 + (-7 - -10) + 8
-103
Calculate -23 + 34 + -17 - (-2 + -12 - 1).
9
What is the value of -19 + (3 - (-25 - 21)) + 0 + (11 - 2)?
39
Evaluate (0 - -17) + (2 - -1) + -6554 + 6544.
10
What is -7 + 15 + 8 + -9 + (7 - -3) + -4?
13
Evaluate -10 + 19 + (-7 + 59 - 71).
-10
What is -26 + 6 + (-89 - -22) + 55?
-32
What is the value of -1 + 34 + -1763 + 1662?
-68
Calculate 31 + (-7 - -26 - ((4 - -9) + -8)) - 14.
31
Evaluate 310 + -524 + 158 + -26 + (3 - 1).
-80
Evaluate -3 + 2 + 11 + 4 - 50.
-36
Evaluate (47 - 38) + 8 + -55.
-38
What is the value of (-97 - -112) + 64 + -60?
19
-7405 + 7478 + -15 + 0
58
What is the value of -11 - (2 + 14 + -3 + (0 + 1 - 8))?
-17
What is 198 - 195 - (-21 - 9)?
33
What is the value of -3 - -82 - (37 + (-58 - (-36 - -2)))?
66
Calculate 10 - (0 + 16 + -9 + 48 + -4).
-41
What is 3 - ((-46 - -38) + (6 - (21 + 8)))?
34
What is 93 - (-68 + (201 - 70))?
30
Calculate 21 + 47 + -47 + 22 + (2 - 15).
30
-10 + 67 + 8 - ((2 - -23) + -27)
67
Calculate 140 + -27 + 13 + -58.
68
What is the value of -8 + 22 + 11 + (-11 - 15)?
-1
What is 13 - ((-24 - -1) + (-9 - (4 + (14 - 28))))?
35
60 + 1 - (-28 - (25 + -49))
65
Calculate (0 - 6 - ((3 - -13) + -16 + -13)) + -31.
-24
25 - (-4 - -39 - 23) - (-3 - -2 - -1)
13
What is the value of (32 - (95 - -6)) + (20 - 0)?
-49
What is (-145 - -197) + (35 - 63)?
24
Evaluate -191 + 184 - (-1 + 0 + (4 - 26)).
16
What is (-2 - -4) + (-2 - -7) - (-35 + 57)?
-15
What is (-6 - 4) + 41 - -30 - (6 + 1)?
54
What is the value of 0 + -1 + 9 - (-4 - (-30 + 58))?
40
What is -48 + 1 - ((5 - 41 - -16) + 23)?
-50
Calculate -1 - 73 - (-14 + (29 - 5) - (39 - 20)).
-65
-20 + 21 - (-29 + 14 + 40)
-24
Evaluate -4 - (22 - (-11 + -1 - 1)) - -5.
-34
Calculate 304 - 164 - (166 - 21).
-5
29 - (65 - -41) - 19 - 31
-127
What is (-6 - (0 + 1)) + (92 + -48 + -28 - 12)?
-3
-5 - -2 - (40 - (41 + 40) - -8)
30
(-15 - -21 - (20 + -44 + 20)) + 117
127
What is (-5 + 12 + -19 - 16) + 5 + -16?
-39
(9 - -1) + -10 + -4 + -38 + 4
-38
What is the value of 20940 - 21053 - (2 + 0 + (1 - 1))?
-115
What is the value of 36 + -36 - 32 - (-19 - -85)?
-98
What is (-119 - 0) + -306 + 679 + -392?
-138
What is the value of (1721 - 1824) + (-7 - -1) + -14?
-123
-4603 - -4603 - (48 + -2 + -1 - 3)
-42
What is the value of 61 + (28 - 59) - 34?
-4
What is (-1 - 0 - 13) + -43001 + 42904?
-111
Calculate -42 + (28 - 51 - -136) + (2 - (2 - 13)).
84
Evaluate (15 - ((8 - 13) + 5)) + (0 - -8).
23
What is the value of -11 - 61 - -47 - -37?
12
Calculate -194 - (-279 + 122) - ((-1 - -2) + -10).
-28
What is -31 + (-110 - -151) - (67 - -1)?
-58
Evaluate -13 - ((11 - (15 - 0) - 127) + (-11 - -9)).
120
What is the value of 30 - (-10 + (16 - -3) + -16)?
37
Calculate 65 - (-7 - (-50 + (-2 - -19))).
39
Evaluate -12 + (-4 + 26 + -15 - -11).
6
What is 46 + (35 - 25) - (-37 + 59)?
34
Evaluate -11 - (-108 - -92 - -50).
-45
What is -24 - (27 + -31 - (-1 + -2) - (-2 - 0))?
-25
What is (28 + -3 - (-10 + 8)) + -2 + 11 + -3?
33
Evaluate 6 + 3 + (-15 - -4) - (-2 - (24 + -56)).
-32
Calculate 8 + (18 - (-3 + 54) - 10 - -25).
-10
What is (-37 - -88 - 12 - 46) + 19?
12
What is 2 + -13 + 1 - (12 + (6 - 35))?
7
What is 15 + -1 + 2 + (116 - 125)?
7
Evaluate 32 - 60 - -32 - -18.
22
Evaluate (-1016 - -1037) + (-20 - 0) + 2 - (-6 + -108).
117
Evaluate 120 - (-63 - (-118 + 23)).
88
Calculate 9 + (4 - 11) - -57 - (136 - 145).
68
Evaluate -16 - (99 - 58 - 13).
-44
What is (12 - -46) + -2 + -36?
20
What is the value of (-8 - 6) + (1 + -32 - (223 - 215))?
-53
Evaluate (34 - 99) + 3 + -15.
-77
0 - -35 - (-3 + -1 - (13 - (45 + -21)))
28
Evaluate 404 + -130 - 174 - (17 + (-3 - -2)).
84
What is 787 - 798 - ((0 - 0) + 3) - -93 - 5?
74
Calculate 44 + (-55 - -59) + -10 + 2.
40
Calculate (-14 - -2) + 192 + -167.
13
What is the value of 29 - ((-1 - -11) + 22) - (2 + -60)?
55
What is the value of 10003 + -9998 - (0 + 42)?
-37
What is the value of 15 + 22 - (-65 - -96) - 0?
6
What is -18 + (-13 - ((8 - 33) + -2)) + (4 - 1)?
-1
Calculate